2. Calculate m(0).
-52
Let r(i) = -133*i + 173. Calculate r(1).
40
Let j(c) = -2*c**3 + 5*c**2 + 12*c - 29. Give j(5).
-94
Let h(f) = f**3 + 18*f**2 - 12*f - 151. Calculate h(-18).
65
Let t(b) = -3*b**2 + 33*b + 269. What is t(-7)?
-109
Let b(c) = c**3 + 8*c**2 - 39*c - 183. What is b(-10)?
7
Let r(x) = -x**3 - 31*x**2 - 144*x - 318. Calculate r(-26).
46
Let k(g) = 3*g**2 - 122*g - 309. Give k(43).
-8
Let g(u) = 6*u**2 + 183*u + 362. Give g(-2).
20
Let a(y) = y**3 - 66*y + 126. Give a(-9).
-9
Let r(m) = 306*m - 7048. Calculate r(23).
-10
Let c(a) = 2*a**3 + 80*a**2 - 352*a + 5. What is c(-44)?
5
Let r(x) = -2*x**3 + 10*x**2 + 19*x - 100. Calculate r(5).
-5
Let b(f) = -69*f + 1805. Calculate b(26).
11
Let x(i) = -12*i - 151. Calculate x(-1).
-139
Let w(l) = 134*l**2 - 25*l - 86. Determine w(-3).
1195
Let h(g) = g**2 - 17*g + 95. What is h(-15)?
575
Let a(o) = 237*o - 169. Determine a(1).
68
Let r(y) = y**2 - 34*y - 975. Determine r(44).
-535
Let a(b) = 10*b**3 + 6*b**2 + 22*b + 69. Determine a(-3).
-213
Let s(k) = 16*k - 819. Give s(50).
-19
Let q(c) = 12*c - 178. What is q(11)?
-46
Let u(l) = 3*l**2 + 44*l - 4. Give u(-15).
11
Let z(d) = 1804*d - 46899. What is z(26)?
5
Let r(f) = -4*f**2 + 74*f - 65. Give r(24).
-593
Let j(l) = l**2 - 27*l + 8. Determine j(26).
-18
Let j(q) = q**3 + 5*q**2 + 157*q + 635. Determine j(-4).
23
Let s(h) = 117*h - 1163. Determine s(10).
7
Let b(z) = -z**2 - 51*z - 452. Determine b(-40).
-12
Let s(u) = 4*u**3 - 48*u**2 + 4*u - 35. What is s(12)?
13
Let f(l) = -5*l**3 + 170*l + 328. Give f(-2).
28
Let r(w) = 1691*w + 13528. Give r(-8).
0
Let n(h) = -13*h + 27. Determine n(20).
-233
Let m(l) = -l**2 - 73*l - 890. Determine m(-59).
-64
Let v(d) = -14*d**2 - 5*d - 11. Determine v(6).
-545
Let z(s) = -54*s - 3064. Calculate z(-57).
14
Let h(j) = j**2 - 185*j + 4537. Determine h(29).
13
Let z(p) = 20*p**3 + p**2 + 2*p - 5. Give z(2).
163
Let p(z) = -95*z + 9. Calculate p(-1).
104
Let l(s) = -s + 120. Determine l(82).
38
Let q(j) = 4*j**2 + 626*j + 3115. What is q(-5)?
85
Let t(k) = -k**2 + 323*k + 2294. Give t(-7).
-16
Let i(g) = 16*g + 333. Calculate i(-28).
-115
Let y(n) = n**3 - 2*n**2 + n + 7. Determine y(2).
9
Let w(y) = -2*y**3 - 108*y**2 + 118*y + 487. What is w(-55)?
47
Let u(x) = 2*x**3 - 90*x**2 + 5*x - 266. What is u(45)?
-41
Let r(v) = v**3 + 2*v**2 - 32*v + 2. Determine r(5).
17
Let o(z) = -z**2 + 18*z - 120. Determine o(10).
-40
Let r(v) = 14*v + 23. Calculate r(-26).
-341
Let b(y) = y**3 - 4*y**2 - y + 1. Determine b(4).
-3
Let s(x) = 172*x - 535. Determine s(3).
-19
Let a(m) = m**2 - 197*m + 1677. Calculate a(9).
-15
Let m(l) = -l**3 + 15*l**2 - 4*l - 37. Determine m(15).
-97
Let g(h) = h**3 - 8*h**2 - 29*h + 5. Calculate g(-3).
-7
Let q(f) = 21*f - 174. What is q(8)?
-6
Let l(q) = 348*q - 346. What is l(1)?
2
Let o(g) = -g**3 + 9*g**2 - 12*g + 63. Determine o(6).
99
Let r(o) = -16*o - 1322. Calculate r(-80).
-42
Let z(k) = -k**3 - 12*k**2 + 21*k + 276. Determine z(-11).
-76
Let t(l) = -102*l - 2396. Give t(-24).
52
Let u(q) = -3*q**3 - 49*q**2 + 96*q + 112. Determine u(-18).
4
Let p(g) = g**3 + 2*g**2 + 78*g - 310. Calculate p(4).
98
Let y(q) = 8*q**3 + 2*q**2 - 4*q - 3. Calculate y(2).
61
Let g(t) = -15*t + 140. Calculate g(2).
110
Let u(h) = -h**2 + 21*h - 61. What is u(24)?
-133
Let w(c) = -2*c**2 - 18*c - 12. What is w(-8)?
4
Let d(g) = g**2 + 6*g - 27. Calculate d(-6).
-27
Let m(d) = -d**3 + 28*d**2 + 244*d + 76. Give m(35).
41
Let g(u) = -2*u**2 + 3*u + 196. Calculate g(-9).
7
Let b(n) = 2*n**2 + 679*n - 4146. Determine b(6).
0
Let m(u) = u**2 - 36*u + 391. Calculate m(39).
508
Let g(v) = -28*v - 69. Calculate g(-7).
127
Let l(n) = n**2 - 46*n - 2266. What is l(-30)?
14
Let f(p) = p**2 - 27*p - 625. Determine f(-14).
-51
Let q(b) = -363*b + 2564. Give q(7).
23
Let f(i) = 574*i - 6338. What is f(11)?
-24
Let d(p) = -p**3 - 20*p**2 + 21*p + 9. Give d(-21).
9
Let i(v) = -v**3 + 11*v**2 + 36*v - 39. Give i(12).
249
Let x(p) = 2*p**3 - 34*p**2 - 606*p + 120. What is x(-11)?
10
Let x(n) = -91*n + 490. Determine x(5).
35
Let h(b) = -8*b**3 + 15*b - 16. Calculate h(1).
-9
Let j(q) = -q**3 + 2*q**2 + 21*q - 43. Give j(5).
-13
Let j(r) = r**3 + 19*r**2 - 54*r + 155. Give j(-22).
-109
Let a(k) = k**3 - 15*k**2 + 69*k - 92. Determine a(6).
-2
Let o(u) = u**3 + 8*u**2 - 19*u - 25. Give o(-11).
-179
Let a(z) = -1685*z - 18541. Determine a(-11).
-6
Let d(n) = -30*n - 271. Give d(-11).
59
Let y(m) = 44*m + 675. Calculate y(-19).
-161
Let l(j) = 3*j**2 + 72*j + 305. Calculate l(-4).
65
Let c(b) = -b**2 - 54*b - 47. Determine c(-53).
6
Let n(y) = y**3 - 17*y**2 + 25*y + 18. Calculate n(16).
162
Let u(x) = -x**3 + 8*x**2 - 93*x + 953. What is u(9)?
35
Let g(m) = 2*m**2 - 22*m - 18. Determine g(8).
-66
Let a(s) = -2*s**2 + 79*s - 782. Give a(22).
-12
Let y(f) = -f**3 - 41*f**2 - f + 79. What is y(-41)?
120
Let u(f) = -f**3 - 33*f**2 - 194*f - 854. Calculate u(-27).
10
Let t(u) = 5*u - 160. Determine t(12).
-100
Let c(h) = 11*h - 9. What is c(10)?
101
Let h(y) = -y**3 - 14*y**2 - 14*y - 68. Calculate h(-13).
-55
Let u(f) = -f**3 + 77*f**2 - 362*f + 135. Determine u(72).
-9
Let k(g) = -247*g**2 - 4453*g - 123. Give k(-18).
3
Let o(g) = -2090*g**2 + 3*g - 2. Determine o(0).
-2
Let a(v) = v**2 - 53*v + 712. Determine a(30).
22
Let m(f) = -2*f**2 + 19*f - 11. Give m(0).
-11
Let s(x) = -4*x**3 + 53*x**2 - 159*x - 34. Give s(8).
38
Let m(b) = 35*b**3 + 7*b**2 + 7*b + 1. Calculate m(-2).
-265
Let o(z) = -z**2 - 18*z - 39. Give o(-3).
6
Let m(l) = l**3 - 3*l**2 - 25*l + 66. Calculate m(4).
-18
Let b(f) = -8*f - 190. Calculate b(-38).
114
Let u(a) = 55*a + 1522. What is u(-28)?
-18
Let t(b) = -24*b + 91. Calculate t(4).
-5
Let h(t) = -9*t**2 - 67*t - 124. Determine h(-2).
-26
Let r(h) = 21*h + 46. What is r(-9)?
-143
Let f(v) = -97*v + 4079. What is f(42)?
5
Let a(s) = s**2 + 129*s + 1617. Calculate a(-14).
7
Let u(f) = -f**3 + 8*f**2 - 36*f - 211. Give u(-3).
-4
Let r(h) = -h**3 + 31*h**2 + 416*h + 32. Determine r(-10).
-28
Let a(o) = 23*o - 371. What is a(19)?
66
Let j(p) = p**2 + 4279*p - 77345. Calculate j(18).
1
Let y(u) = -36*u**2 - 8*u - 7. Give y(-1).
-35
Let c(t) = 5*t**2 + 779*t + 4354. What is c(-150)?
4
Let g(r) = 3*r**2 + 114*r - 24. What is g(-39)?
93
Let q(v) = -3*v**3 + 46*v**2 - 21*v + 92. Calculate q(15).
2
Let l(r) = -r**3 + 19*r + 3. What is l(-4)?
-9
Let g(u) = 99*u - 508. Give g(5).
-13
Let u(a) = -39*a - 418. Calculate u(-4).
-262
Let u(r) = -2*r**3 - 30*r**2 - 72*r - 9. Calculate u(-12).
-9
Let m(f) = 2*f**3 - 12*f**2 - 10*f - 9. Calculate m(6).
-69
Let h(x) = x**3 + 6*x**2 + x + 38. Give h(-6).
32
Let d(u) = -69*u + 1103. Calculate d(16).
-1
Let k(v) = -76*v - 779. What is k(0)?
-779
Let r(m) = -2*m**3 - 11*m**2 + 7*m + 23. Give r(-2).
-19
Let j(t) = 103*t - 2046. Calculate j(20).
14
Let u(f) = -79*f - 8295. Determine u(-105).
0
Let j(i) = -16*i**2 - 62*i - 26. Determine j(-4).
-34
Let a(q) = 310*q - 15. Give a(-1).
-325
Let u(w) = 20*w + 1686. Give u(-84).
6
Let m(o) = 835*o + 1669. What is m(-2)?
-1
Let g(z) = -68*z + 599. Calculate g(8).
55
Let d(j) = -4*j**2 - 20*j - 74. Calculate d(-7).
-130
Let l(x) = 21*x**2 - 27*x + 1. Determine l(3).
109
Let a(s) = -97*s**3 + 2*s**2 - s - 1. Calculate a(-1).
99
Let o(y) = -3*y**2 + 32*y + 36. Give o(11).
25
Let c(g) = g**3 + 3*g**2 - 18*g - 1. What is c(5)?
109
Let u(m) = -m**3 - 13*m**2 + 158*m + 1931. Calculate u(-15).
11
Let n(l) = l**3 + 47*l**2 - 2*l - 99. Calculate n(-47).
-5
Let j(q) = -2*q**2 - 287*q + 1789. What is j(6)?
-5
Let o(a) = a**3 - 58*a**2 - 600*a - 205. Determine o(67).
-4
Let v(m) = -12*m**3 + 8*m**2 + 100*m - 110. What is v(1)?
-14
Let q(l) = -l**2 + 53*l + 3988. Determine q(95).
-2
Let x(t) = t**2 - 15*t + 33. Calculate x(6).
-21
Let y(u) = -22*u + 1019. What is y(45)?
29
Let a(d) = -116*d - 4739. Calculate a(-41).
17
Let t(a) = 5*a**2 - 387*a + 175. Calculate t(77).
21
Let n(p) = -9*p**2 + 18*p + 52. What is n(-3)?
-83
Let b(v) = -22*v**2 - 355*v - 46. What is b(-16)?
2
Let y(i) = -183*i**2 + 1836*i + 13. Determine y(10).
73
Let v(b) = -b**2 - 42*b + 334. What is v(-49)?
-9
Let d(y) = 5*y**2 + y + 2. Give d(3).
50
Let j(u) = -407*u - 4879. Calculate j(-12).
5
Let d(p) = 316*p - 11373. What is d(36)?
3
Let k(g) = 3*g**3 - 8*g**2 - 14